alculate the greatest common divisor of 962 and 52.
26
What is the greatest common divisor of 1936 and 16?
16
Calculate the highest common divisor of 1064 and 56.
56
Calculate the greatest common factor of 5837 and 13.
13
What is the highest common factor of 63 and 142065?
63
Calculate the highest common factor of 2199 and 3.
3
Calculate the highest common divisor of 10208 and 290.
58
What is the highest common factor of 28 and 724?
4
Calculate the highest common factor of 12 and 1788.
12
Calculate the greatest common factor of 621 and 46.
23
Calculate the greatest common factor of 1863 and 69.
69
Calculate the greatest common divisor of 1884 and 12.
12
Calculate the greatest common divisor of 289 and 51.
17
What is the greatest common divisor of 39 and 2301?
39
What is the highest common divisor of 5168 and 1672?
152
Calculate the highest common divisor of 118 and 2655.
59
What is the greatest common factor of 74 and 1?
1
What is the highest common divisor of 1590 and 53?
53
What is the greatest common factor of 1 and 41?
1
What is the highest common divisor of 738 and 18?
18
Calculate the greatest common factor of 1856 and 128.
64
Calculate the highest common factor of 5 and 25.
5
What is the greatest common divisor of 48 and 344?
8
What is the greatest common divisor of 112 and 392?
56
What is the greatest common divisor of 7917 and 42?
21
Calculate the highest common divisor of 625 and 25.
25
What is the greatest common factor of 1474 and 44?
22
Calculate the highest common divisor of 12636 and 312.
156
Calculate the greatest common divisor of 1235 and 1045.
95
What is the greatest common factor of 84 and 28?
28
What is the highest common factor of 6980 and 140?
20
Calculate the highest common factor of 2451 and 129.
129
Calculate the greatest common factor of 3 and 1218.
3
Calculate the highest common divisor of 1247 and 29.
29
Calculate the highest common divisor of 47 and 1175.
47
Calculate the highest common divisor of 30 and 1056.
6
Calculate the greatest common divisor of 15 and 10.
5
Calculate the highest common divisor of 77 and 231.
77
Calculate the greatest common divisor of 31948 and 56.
28
Calculate the highest common divisor of 14 and 14455.
7
What is the greatest common factor of 230 and 30?
10
What is the highest common divisor of 615 and 984?
123
Calculate the highest common factor of 2304 and 16.
16
What is the greatest common divisor of 1281 and 21?
21
Calculate the highest common factor of 54 and 738.
18
What is the greatest common factor of 1 and 79?
1
Calculate the highest common factor of 29143 and 193.
193
What is the highest common factor of 13584 and 24?
24
Calculate the greatest common divisor of 621 and 12.
3
What is the greatest common factor of 2516 and 340?
68
Calculate the greatest common divisor of 208 and 104.
104
Calculate the highest common divisor of 1146 and 24.
6
What is the highest common divisor of 20 and 170?
10
Calculate the highest common divisor of 14 and 110264.
14
Calculate the greatest common divisor of 1462 and 238.
34
What is the greatest common factor of 28340 and 4?
4
What is the highest common divisor of 11616 and 224?
32
What is the greatest common factor of 9639 and 952?
119
What is the greatest common divisor of 943 and 115?
23
Calculate the highest common factor of 3094 and 637.
91
What is the greatest common factor of 385 and 847?
77
Calculate the greatest common factor of 25 and 3275.
25
What is the greatest common factor of 852 and 18?
6
What is the greatest common factor of 54 and 30?
6
What is the greatest common factor of 4088 and 152?
8
Calculate the greatest common factor of 55 and 220.
55
What is the greatest common factor of 25 and 290?
5
What is the highest common divisor of 84 and 140?
28
What is the greatest common factor of 104 and 16?
8
What is the highest common factor of 16 and 1000?
8
What is the highest common divisor of 1394 and 410?
82
Calculate the greatest common divisor of 7343 and 7.
7
Calculate the highest common factor of 6765 and 495.
165
Calculate the greatest common factor of 36153 and 618.
309
Calculate the highest common divisor of 22 and 121.
11
Calculate the highest common divisor of 18 and 70.
2
What is the greatest common factor of 1365 and 130?
65
What is the highest common divisor of 40 and 1912?
8
Calculate the greatest common factor of 55 and 5.
5
What is the highest common divisor of 512 and 10880?
128
What is the highest common factor of 8 and 648?
8
What is the highest common divisor of 594 and 22?
22
What is the greatest common divisor of 21 and 987?
21
Calculate the highest common divisor of 2482 and 34.
34
What is the greatest common divisor of 559 and 129?
43
Calculate the greatest common factor of 3321 and 54.
27
Calculate the highest common factor of 57 and 267.
3
Calculate the highest common factor of 104 and 4043.
13
What is the greatest common factor of 70 and 56?
14
What is the highest common factor of 1927 and 517?
47
Calculate the highest common factor of 27 and 1251.
9
What is the highest common factor of 8256 and 64?
64
Calculate the greatest common factor of 1376 and 1032.
344
What is the greatest common divisor of 1 and 23?
1
Calculate the greatest common divisor of 17 and 34.
17
Calculate the highest common factor of 2139 and 1209.
93
What is the greatest common factor of 12 and 1812?
12
What is the highest common divisor of 88 and 3179?
11
What is the greatest common factor of 48 and 16?
16
Calculate the highest common factor of 28 and 147.
7
Calculate the greatest common factor of 53 and 19451.
53
What is the highest common factor of 11 and 24200?
11
What is the greatest common divisor of 16900 and 2?
2
What is the highest common factor of 132 and 3504?
12
Calculate the highest common divisor of 638 and 22.
22
Calculate the greatest common divisor of 8 and 74.
2
Calculate the greatest common divisor of 1008 and 126.
126
What is the greatest common divisor of 33 and 33?
33
What is the highest common factor of 183 and 4575?
183
What is the greatest common factor of 2 and 10?
2
What is the greatest common divisor of 4323 and 33?
33
What is the greatest common factor of 428 and 4?
4
Calculate the greatest common divisor of 98 and 539.
49
Calculate the highest common divisor of 3 and 7.
1
Calculate the greatest common divisor of 282 and 66834.
282
What is the greatest common divisor of 552 and 2392?
184
Calculate the greatest common factor of 65 and 520.
65
What is the greatest common divisor of 16 and 6032?
16
What is the highest common factor of 364 and 104?
52
What is the greatest common factor of 363 and 3509?
121
Calculate the greatest common factor of 21 and 77.
7
Calculate the greatest common factor of 1222 and 4982.
94
Calculate the greatest common divisor of 116 and 2465.
29
Calculate the greatest common divisor of 136 and 2414.
34
Calculate the greatest common factor of 440 and 15.
5
What is the greatest common factor of 966 and 756?
42
Calculate the greatest common divisor of 209 and 11.
11
What is the highest common divisor of 124 and 434?
62
What is the greatest common factor of 16 and 10?
2
Calculate the highest common divisor of 95 and 266.
19
Calculate the greatest common factor of 10645 and 5.
5
Calculate the greatest common factor of 695 and 20.
5
What is the greatest common factor of 72 and 3042?
18
What is the highest common divisor of 27 and 378?
27
Calculate the highest common factor of 300 and 36.
12
What is the greatest common divisor of 294 and 21?
21
What is the highest common divisor of 731 and 17?
17
What is the highest common factor of 18 and 1908?
18
Calculate the highest common factor of 481 and 39.
13
Calculate the greatest common factor of 10 and 1700.
10
Calculate the highest common factor of 50570 and 130.
130
Calculate the greatest common divisor of 1736 and 372.
124
Calculate the greatest common factor of 186 and 1922.
62
What is the greatest common divisor of 35 and 55?
5
Calculate the highest common factor of 1088 and 952.
136
Calculate the greatest common divisor of 375 and 3.
3
What is the highest common factor of 29160 and 120?
120
Calculate the greatest common factor of 30 and 30.
30
What is the greatest common factor of 225 and 18?
9
What is the greatest common divisor of 1353 and